{"id":544,"date":"2015-07-17T13:15:29","date_gmt":"2015-07-17T13:15:29","guid":{"rendered":"http:\/\/capethemes.com\/demo\/industry\/?page_id=544"},"modified":"2025-08-29T18:06:56","modified_gmt":"2025-08-29T18:06:56","slug":"agricultural-processing","status":"publish","type":"page","link":"https:\/\/racoon-steuerungstechnik.de\/index.php\/templates\/agricultural-processing\/","title":{"rendered":"Luftschutz Technik"},"content":{"rendered":"\t\t<div data-elementor-type=\"wp-page\" data-elementor-id=\"544\" class=\"elementor elementor-544\">\n\t\t\t\t\t\t<section class=\"elementor-section elementor-top-section elementor-element elementor-element-c184343 elementor-section-boxed elementor-section-height-default elementor-section-height-default\" data-id=\"c184343\" data-element_type=\"section\" data-e-type=\"section\">\n\t\t\t\t\t\t<div class=\"elementor-container elementor-column-gap-default\">\n\t\t\t\t\t<div class=\"elementor-column elementor-col-50 elementor-top-column elementor-element elementor-element-d02bcd6\" data-id=\"d02bcd6\" data-element_type=\"column\" data-e-type=\"column\">\n\t\t\t<div class=\"elementor-widget-wrap elementor-element-populated\">\n\t\t\t\t\t\t<div class=\"elementor-element elementor-element-8082f51 elementor-widget elementor-widget-image\" data-id=\"8082f51\" data-element_type=\"widget\" data-e-type=\"widget\" data-widget_type=\"image.default\">\n\t\t\t\t<div class=\"elementor-widget-container\">\n\t\t\t\t\t\t\t\t\t\t\t\t\t\t\t<img fetchpriority=\"high\" decoding=\"async\" width=\"1024\" height=\"768\" src=\"https:\/\/racoon-steuerungstechnik.de\/wp-content\/uploads\/2023\/10\/Luft5-1024x768.jpg\" class=\"attachment-large size-large wp-image-1330\" alt=\"\" srcset=\"https:\/\/racoon-steuerungstechnik.de\/wp-content\/uploads\/2023\/10\/Luft5-1024x768.jpg 1024w, https:\/\/racoon-steuerungstechnik.de\/wp-content\/uploads\/2023\/10\/Luft5-300x225.jpg 300w, https:\/\/racoon-steuerungstechnik.de\/wp-content\/uploads\/2023\/10\/Luft5-768x576.jpg 768w, https:\/\/racoon-steuerungstechnik.de\/wp-content\/uploads\/2023\/10\/Luft5-1536x1152.jpg 1536w, https:\/\/racoon-steuerungstechnik.de\/wp-content\/uploads\/2023\/10\/Luft5-2048x1536.jpg 2048w\" sizes=\"(max-width: 1024px) 100vw, 1024px\" \/>\t\t\t\t\t\t\t\t\t\t\t\t\t\t\t<\/div>\n\t\t\t\t<\/div>\n\t\t\t\t\t<\/div>\n\t\t<\/div>\n\t\t\t\t<div class=\"elementor-column elementor-col-50 elementor-top-column elementor-element elementor-element-d8f1348\" data-id=\"d8f1348\" data-element_type=\"column\" data-e-type=\"column\">\n\t\t\t<div class=\"elementor-widget-wrap elementor-element-populated\">\n\t\t\t\t\t\t<div class=\"elementor-element elementor-element-f75b76d elementor-widget elementor-widget-image\" data-id=\"f75b76d\" data-element_type=\"widget\" data-e-type=\"widget\" data-widget_type=\"image.default\">\n\t\t\t\t<div class=\"elementor-widget-container\">\n\t\t\t\t\t\t\t\t\t\t\t\t\t\t\t<img decoding=\"async\" width=\"1024\" height=\"768\" src=\"https:\/\/racoon-steuerungstechnik.de\/wp-content\/uploads\/2023\/10\/Luft6-1024x768.jpg\" class=\"attachment-large size-large wp-image-1331\" alt=\"\" srcset=\"https:\/\/racoon-steuerungstechnik.de\/wp-content\/uploads\/2023\/10\/Luft6-1024x768.jpg 1024w, https:\/\/racoon-steuerungstechnik.de\/wp-content\/uploads\/2023\/10\/Luft6-300x225.jpg 300w, https:\/\/racoon-steuerungstechnik.de\/wp-content\/uploads\/2023\/10\/Luft6-768x576.jpg 768w, https:\/\/racoon-steuerungstechnik.de\/wp-content\/uploads\/2023\/10\/Luft6-1536x1152.jpg 1536w, https:\/\/racoon-steuerungstechnik.de\/wp-content\/uploads\/2023\/10\/Luft6-2048x1536.jpg 2048w\" sizes=\"(max-width: 1024px) 100vw, 1024px\" \/>\t\t\t\t\t\t\t\t\t\t\t\t\t\t\t<\/div>\n\t\t\t\t<\/div>\n\t\t\t\t\t<\/div>\n\t\t<\/div>\n\t\t\t\t\t<\/div>\n\t\t<\/section>\n\t\t\t\t<section class=\"elementor-section elementor-top-section elementor-element elementor-element-4924c91 elementor-section-boxed elementor-section-height-default elementor-section-height-default\" data-id=\"4924c91\" data-element_type=\"section\" data-e-type=\"section\">\n\t\t\t\t\t\t<div class=\"elementor-container elementor-column-gap-default\">\n\t\t\t\t\t<div class=\"elementor-column elementor-col-100 elementor-top-column elementor-element elementor-element-18067c8\" data-id=\"18067c8\" data-element_type=\"column\" data-e-type=\"column\">\n\t\t\t<div class=\"elementor-widget-wrap elementor-element-populated\">\n\t\t\t\t\t\t<div class=\"elementor-element elementor-element-0aff488 elementor-widget elementor-widget-text-editor\" data-id=\"0aff488\" data-element_type=\"widget\" data-e-type=\"widget\" data-widget_type=\"text-editor.default\">\n\t\t\t\t<div class=\"elementor-widget-container\">\n\t\t\t\t\t\t\t\t\t<p>Dr\u00e4ger, Piller, Auer und Co sorgen f\u00fcr Frischluft und transportieren im Bedarfsfall die verbrauchte Restluft wieder nach drau\u00dfen. Im Notfall wird gefiltert &#8230;<\/p><p>Hier steht man vor der Besonderen Herausforderung, Asbesthaltige Materialen wie z.B. GP5\u00a0 Gasmasken zu erkennen und einer fachgerechten Entsorgung zuzuf\u00fchren.<\/p><p>Wir \u00fcbernehmen die Entsorgung nicht selber, haben aber gute Kontakte zu Zertifizierten Entsorgerfirmen.<\/p><p>Bei der Demontage der Altanlagen aus Luftschutzbauten oder Mehrzweckanlagen steht uns ein grosses Team von Fachleuten mit Rat und Tat zur Seite, teils mit \u00fcber 20 Jahren Erfahrung.<\/p>\t\t\t\t\t\t\t\t<\/div>\n\t\t\t\t<\/div>\n\t\t\t\t\t<\/div>\n\t\t<\/div>\n\t\t\t\t\t<\/div>\n\t\t<\/section>\n\t\t\t\t<section class=\"elementor-section elementor-top-section elementor-element elementor-element-26bd93c elementor-section-boxed elementor-section-height-default elementor-section-height-default\" data-id=\"26bd93c\" data-element_type=\"section\" data-e-type=\"section\">\n\t\t\t\t\t\t<div class=\"elementor-container elementor-column-gap-default\">\n\t\t\t\t\t<div class=\"elementor-column elementor-col-33 elementor-top-column elementor-element elementor-element-e7a5baf\" data-id=\"e7a5baf\" data-element_type=\"column\" data-e-type=\"column\">\n\t\t\t<div class=\"elementor-widget-wrap elementor-element-populated\">\n\t\t\t\t\t\t<div class=\"elementor-element elementor-element-35a728a elementor-widget elementor-widget-image\" data-id=\"35a728a\" data-element_type=\"widget\" data-e-type=\"widget\" data-widget_type=\"image.default\">\n\t\t\t\t<div class=\"elementor-widget-container\">\n\t\t\t\t\t\t\t\t\t\t\t\t\t\t\t<img decoding=\"async\" width=\"1024\" height=\"768\" src=\"https:\/\/racoon-steuerungstechnik.de\/wp-content\/uploads\/2023\/10\/Luft2-1024x768.jpg\" class=\"attachment-large size-large wp-image-1327\" alt=\"\" srcset=\"https:\/\/racoon-steuerungstechnik.de\/wp-content\/uploads\/2023\/10\/Luft2-1024x768.jpg 1024w, https:\/\/racoon-steuerungstechnik.de\/wp-content\/uploads\/2023\/10\/Luft2-300x225.jpg 300w, https:\/\/racoon-steuerungstechnik.de\/wp-content\/uploads\/2023\/10\/Luft2-768x576.jpg 768w, https:\/\/racoon-steuerungstechnik.de\/wp-content\/uploads\/2023\/10\/Luft2-1536x1152.jpg 1536w, https:\/\/racoon-steuerungstechnik.de\/wp-content\/uploads\/2023\/10\/Luft2-2048x1536.jpg 2048w\" sizes=\"(max-width: 1024px) 100vw, 1024px\" \/>\t\t\t\t\t\t\t\t\t\t\t\t\t\t\t<\/div>\n\t\t\t\t<\/div>\n\t\t\t\t\t<\/div>\n\t\t<\/div>\n\t\t\t\t<div class=\"elementor-column elementor-col-33 elementor-top-column elementor-element elementor-element-3cecfed\" data-id=\"3cecfed\" data-element_type=\"column\" data-e-type=\"column\">\n\t\t\t<div class=\"elementor-widget-wrap elementor-element-populated\">\n\t\t\t\t\t\t<div class=\"elementor-element elementor-element-61eba6f elementor-widget elementor-widget-image\" data-id=\"61eba6f\" data-element_type=\"widget\" data-e-type=\"widget\" data-widget_type=\"image.default\">\n\t\t\t\t<div class=\"elementor-widget-container\">\n\t\t\t\t\t\t\t\t\t\t\t\t\t\t\t<img loading=\"lazy\" decoding=\"async\" width=\"1024\" height=\"768\" src=\"https:\/\/racoon-steuerungstechnik.de\/wp-content\/uploads\/2023\/10\/Luft3-1024x768.jpg\" class=\"attachment-large size-large wp-image-1328\" alt=\"\" srcset=\"https:\/\/racoon-steuerungstechnik.de\/wp-content\/uploads\/2023\/10\/Luft3-1024x768.jpg 1024w, https:\/\/racoon-steuerungstechnik.de\/wp-content\/uploads\/2023\/10\/Luft3-300x225.jpg 300w, https:\/\/racoon-steuerungstechnik.de\/wp-content\/uploads\/2023\/10\/Luft3-768x576.jpg 768w, https:\/\/racoon-steuerungstechnik.de\/wp-content\/uploads\/2023\/10\/Luft3-1536x1152.jpg 1536w, https:\/\/racoon-steuerungstechnik.de\/wp-content\/uploads\/2023\/10\/Luft3-2048x1536.jpg 2048w\" sizes=\"(max-width: 1024px) 100vw, 1024px\" \/>\t\t\t\t\t\t\t\t\t\t\t\t\t\t\t<\/div>\n\t\t\t\t<\/div>\n\t\t\t\t\t<\/div>\n\t\t<\/div>\n\t\t\t\t<div class=\"elementor-column elementor-col-33 elementor-top-column elementor-element elementor-element-00b4c96\" data-id=\"00b4c96\" data-element_type=\"column\" data-e-type=\"column\">\n\t\t\t<div class=\"elementor-widget-wrap elementor-element-populated\">\n\t\t\t\t\t\t<div class=\"elementor-element elementor-element-cb80d62 elementor-widget elementor-widget-image\" data-id=\"cb80d62\" data-element_type=\"widget\" data-e-type=\"widget\" data-widget_type=\"image.default\">\n\t\t\t\t<div class=\"elementor-widget-container\">\n\t\t\t\t\t\t\t\t\t\t\t\t\t\t\t<img loading=\"lazy\" decoding=\"async\" width=\"1024\" height=\"768\" src=\"https:\/\/racoon-steuerungstechnik.de\/wp-content\/uploads\/2023\/10\/Luft4-1024x768.jpg\" class=\"attachment-large size-large wp-image-1329\" alt=\"\" srcset=\"https:\/\/racoon-steuerungstechnik.de\/wp-content\/uploads\/2023\/10\/Luft4-1024x768.jpg 1024w, https:\/\/racoon-steuerungstechnik.de\/wp-content\/uploads\/2023\/10\/Luft4-300x225.jpg 300w, https:\/\/racoon-steuerungstechnik.de\/wp-content\/uploads\/2023\/10\/Luft4-768x576.jpg 768w, https:\/\/racoon-steuerungstechnik.de\/wp-content\/uploads\/2023\/10\/Luft4-1536x1152.jpg 1536w, https:\/\/racoon-steuerungstechnik.de\/wp-content\/uploads\/2023\/10\/Luft4-2048x1536.jpg 2048w\" sizes=\"(max-width: 1024px) 100vw, 1024px\" \/>\t\t\t\t\t\t\t\t\t\t\t\t\t\t\t<\/div>\n\t\t\t\t<\/div>\n\t\t\t\t\t<\/div>\n\t\t<\/div>\n\t\t\t\t\t<\/div>\n\t\t<\/section>\n\t\t\t\t<section class=\"elementor-section elementor-top-section elementor-element elementor-element-c70df87 elementor-section-boxed elementor-section-height-default elementor-section-height-default\" data-id=\"c70df87\" data-element_type=\"section\" data-e-type=\"section\">\n\t\t\t\t\t\t<div class=\"elementor-container elementor-column-gap-default\">\n\t\t\t\t\t<div class=\"elementor-column elementor-col-100 elementor-top-column elementor-element elementor-element-3d14f51\" data-id=\"3d14f51\" data-element_type=\"column\" data-e-type=\"column\">\n\t\t\t<div class=\"elementor-widget-wrap elementor-element-populated\">\n\t\t\t\t\t\t<div class=\"elementor-element elementor-element-063393c elementor-widget elementor-widget-text-editor\" data-id=\"063393c\" data-element_type=\"widget\" data-e-type=\"widget\" data-widget_type=\"text-editor.default\">\n\t\t\t\t<div class=\"elementor-widget-container\">\n\t\t\t\t\t\t\t\t\t<p>Ob Interieur, Wasserhaltung oder Powermanagement&#8230; Demontage\/Verwertung\/Vermarktung &#8230;<\/p><p>Wir freuen uns auf deine Kontaktaufnahme !<\/p>\t\t\t\t\t\t\t\t<\/div>\n\t\t\t\t<\/div>\n\t\t\t\t\t<\/div>\n\t\t<\/div>\n\t\t\t\t\t<\/div>\n\t\t<\/section>\n\t\t\t\t<\/div>\n\t\t","protected":false},"excerpt":{"rendered":"<p>Dr\u00e4ger, Piller, Auer und Co sorgen f\u00fcr Frischluft und transportieren im Bedarfsfall die verbrauchte Restluft wieder nach drau\u00dfen. Im Notfall wird gefiltert &#8230; Hier steht man vor der Besonderen Herausforderung, Asbesthaltige Materialen wie z.B. GP5\u00a0 Gasmasken zu erkennen und einer fachgerechten Entsorgung zuzuf\u00fchren. Wir \u00fcbernehmen die Entsorgung nicht selber, haben aber gute Kontakte zu Zertifizierten &hellip;<\/p>\n","protected":false},"author":1,"featured_media":0,"parent":513,"menu_order":0,"comment_status":"closed","ping_status":"closed","template":"template-fullwidth.php","meta":{"footnotes":""},"class_list":["post-544","page","type-page","status-publish","hentry"],"aioseo_notices":[],"_links":{"self":[{"href":"https:\/\/racoon-steuerungstechnik.de\/index.php\/wp-json\/wp\/v2\/pages\/544","targetHints":{"allow":["GET"]}}],"collection":[{"href":"https:\/\/racoon-steuerungstechnik.de\/index.php\/wp-json\/wp\/v2\/pages"}],"about":[{"href":"https:\/\/racoon-steuerungstechnik.de\/index.php\/wp-json\/wp\/v2\/types\/page"}],"author":[{"embeddable":true,"href":"https:\/\/racoon-steuerungstechnik.de\/index.php\/wp-json\/wp\/v2\/users\/1"}],"replies":[{"embeddable":true,"href":"https:\/\/racoon-steuerungstechnik.de\/index.php\/wp-json\/wp\/v2\/comments?post=544"}],"version-history":[{"count":20,"href":"https:\/\/racoon-steuerungstechnik.de\/index.php\/wp-json\/wp\/v2\/pages\/544\/revisions"}],"predecessor-version":[{"id":1394,"href":"https:\/\/racoon-steuerungstechnik.de\/index.php\/wp-json\/wp\/v2\/pages\/544\/revisions\/1394"}],"up":[{"embeddable":true,"href":"https:\/\/racoon-steuerungstechnik.de\/index.php\/wp-json\/wp\/v2\/pages\/513"}],"wp:attachment":[{"href":"https:\/\/racoon-steuerungstechnik.de\/index.php\/wp-json\/wp\/v2\/media?parent=544"}],"curies":[{"name":"wp","href":"https:\/\/api.w.org\/{rel}","templated":true}]}}